{"id":43,"date":"2014-01-08T22:25:05","date_gmt":"2014-01-08T21:25:05","guid":{"rendered":"http:\/\/www.parken-falkenwiese.de\/?page_id=43"},"modified":"2014-12-12T11:37:58","modified_gmt":"2014-12-12T10:37:58","slug":"die-idee","status":"publish","type":"page","link":"https:\/\/parken-falkenwiese.de\/?page_id=43","title":{"rendered":"Die Idee"},"content":{"rendered":"<h2>Das Problem:<\/h2>\n<p>Zurzeit wird in den Einbahnstra\u00dfen Attendornstr., Travelmannstr., Percelvalstr., Reiherstieg, etc. auf den Gehwegen rechts und links geparkt, sodass es immer wieder zu Engp\u00e4ssen f\u00fcr Rettungsfahrzeuge und Fu\u00dfg\u00e4nger mit Kinderwagen oder Rollator kommt.<\/p>\n<p>Wie Ihr alle wisst, hat die Stadt durch die Initiative von Innensenator Bernd M\u00f6ller begonnen, die Halter, der auf den Gehwegen parkenden Fahrzeuge \u00fcber ihr Fehlverhalten zu informieren.<\/p>\n<p>Im n\u00e4chsten Schritt soll laut Pressebericht der LN vom 06.01.2014 damit begonnen werden, kostenpflichtige &#8222;Kn\u00f6llchen&#8220; zu verteilen. Diese w\u00fcrden mindestens 20,- \u20ac kosten. Verzichten wir auf &#8222;zurzeit falsches Parken&#8220;, fielen mehrere hundert Parkm\u00f6glichkeiten f\u00fcr uns weg.<\/p>\n<h2>Die L\u00f6sung (siehe Bild!):<\/h2>\n<p>Die Idee der B\u00fcrgerinitiative <strong>&#8222;Parken-Falkenwiese.de&#8220;<\/strong> stellt sicher, dass<\/p>\n<ul>\n<li>alle Rettungsfahrzeuge ausreichende Durchfahrtsbreiten haben<\/li>\n<li>alle Fu\u00dfg\u00e4nger ausreichende Fu\u00dfwegbreiten haben<\/li>\n<li>mehrere hundert echte Parkm\u00f6glichkeiten entstehen<\/li>\n<li>alle sich freuen k\u00f6nnen!<\/li>\n<\/ul>\n<p>Wir, die B\u00fcrgerinitiative <b>&#8222;Parken-Falkenwiese.de&#8220;<\/b>, haben daher folgende<\/p>\n<h2>Forderungen:<\/h2>\n<ol>\n<li>Es wird zu Beginn eines jeden Stra\u00dfenabschnitts das Verkehrszeichen &#8222;Parken auf dem Gehweg&#8220; (315) auf beiden Stra\u00dfenseiten aufgestellt.<\/li>\n<li>Die B\u00fcrgersteigbreiten werden durch einen wei\u00dfen Strich von 2m auf 1,50m reduziert, um f\u00fcr durchgehend verl\u00e4ssliche Gehwegbreiten zu sorgen.<\/li>\n<li>Der Innensenator Bernd M\u00f6ller bekommt den Auftrag, die zu erwartenden Kosten f\u00fcr diese Ma\u00dfnahme zu ermitteln und zeitnah zu ver\u00f6ffentlichen.<\/li>\n<li>Alle f\u00fcr die B\u00fcrger kostenpflichtigen Aktionen werden ausgesetzt, bis die Ma\u00dfnahmen umgesetzt sind!<\/li>\n<\/ol>\n<h2>Zur Begr\u00fcndung:<\/h2>\n<p>Im Bericht der Sitzung des Bauausschusses vom 01.11.2010 (\u00d6T), steht unter 5.2.2 der Vorschlag des Bauausschusses, die B\u00fcrgersteigbreite von derzeit 2m auf 1,5m zu verkleinern, sodass die Fahrbahnbreite statt bisher 6m dann 7m w\u00e4re, um dann das Parken auf beiden Seiten der Fahrbahn zuzulassen.<\/p>\n<p>Unsere Idee verwirklicht schon jetzt den Geist dieser Planung und zwar fast kostenneutral!<\/p>\n<h2>Was kannst du tun?<\/h2>\n<p>Schlie\u00dfe Dich an und unterst\u00fctze unsere Initiative mit Deiner Unterschrift (<a href=\"http:\/\/www.parken-falkenwiese.de\/wp-content\/uploads\/2014\/01\/Buergerinitiative_Parken-Falkenwiese.de_.pdf\">pdf-Unterschriften-Datei<\/a>).<\/p>\n<p>Bitte sammle m\u00f6glichst viele Unterschriften und wirf diesen Zettel <strong>sofort, sp\u00e4testens zum 19. Januar<\/strong> in den Briefkasten der B\u00fcrgerinitiative &#8222;Parken-Falkenwiese.de&#8220;, Attendornstr. 60. Wir \u00fcbergeben sie anschlie\u00dfend an den Innensenator Bernd M\u00f6ller.<\/p>\n","protected":false},"excerpt":{"rendered":"<p>Das Problem: Zurzeit wird in den Einbahnstra\u00dfen Attendornstr., Travelmannstr., Percelvalstr., Reiherstieg, etc. auf den Gehwegen rechts und links geparkt, sodass es immer wieder zu Engp\u00e4ssen f\u00fcr Rettungsfahrzeuge und Fu\u00dfg\u00e4nger mit Kinderwagen oder Rollator kommt. Wie Ihr alle wisst, hat die Stadt durch die Initiative von Innensenator Bernd M\u00f6ller begonnen, die Halter, der auf den Gehwegen [&hellip;]<\/p>\n","protected":false},"author":1,"featured_media":0,"parent":0,"menu_order":0,"comment_status":"open","ping_status":"open","template":"","meta":{"footnotes":""},"_links":{"self":[{"href":"https:\/\/parken-falkenwiese.de\/index.php?rest_route=\/wp\/v2\/pages\/43"}],"collection":[{"href":"https:\/\/parken-falkenwiese.de\/index.php?rest_route=\/wp\/v2\/pages"}],"about":[{"href":"https:\/\/parken-falkenwiese.de\/index.php?rest_route=\/wp\/v2\/types\/page"}],"author":[{"embeddable":true,"href":"https:\/\/parken-falkenwiese.de\/index.php?rest_route=\/wp\/v2\/users\/1"}],"replies":[{"embeddable":true,"href":"https:\/\/parken-falkenwiese.de\/index.php?rest_route=%2Fwp%2Fv2%2Fcomments&post=43"}],"version-history":[{"count":11,"href":"https:\/\/parken-falkenwiese.de\/index.php?rest_route=\/wp\/v2\/pages\/43\/revisions"}],"predecessor-version":[{"id":262,"href":"https:\/\/parken-falkenwiese.de\/index.php?rest_route=\/wp\/v2\/pages\/43\/revisions\/262"}],"wp:attachment":[{"href":"https:\/\/parken-falkenwiese.de\/index.php?rest_route=%2Fwp%2Fv2%2Fmedia&parent=43"}],"curies":[{"name":"wp","href":"https:\/\/api.w.org\/{rel}","templated":true}]}}